*p. Calculate the remainder when p is divided by ((-1)/2)/((-1)/v).
12
Let n(i) = 2*i - 2. Let l be n(4). What is the remainder when 2 is divided by 8/l*18/12?
0
Calculate the remainder when (-141)/12*8/(-2) is divided by 10.
7
Let b = -12 + 18. Suppose -m - 2 = -3*f, f - b = -2*m - 3*f. What is the remainder when 1 is divided by m?
0
What is the remainder when 14 is divided by 2/(0 + (-6)/(-15))?
4
Let t = 7 + -2. Suppose t*r + 26 = -c, 22 - 6 = -c - 3*r. Calculate the remainder when 14 is divided by -1 + (-1 - 7*c).
4
Let l be 14/4*20/35. Suppose 0 = -l*r + 15 - 1. What is the remainder when 39/2 - (-2)/4 is divided by r?
6
What is the remainder when -3 + (3 - 4)*-66 is divided by 16?
15
Suppose -3*r + 2*k = 4*k - 11, 0 = -3*r + 4*k + 23. Let f(q) = -r + 3*q + 2*q + 0. What is the remainder when 44 is divided by f(4)?
14
Let p(n) be the third derivative of -n**5/60 + n**4/4 + n**3/2 + n**2. What is the remainder when 8 is divided by p(6)?
2
Let u = -3 - -4. What is the remainder when (-1)/4 - 146/(-8) is divided by (1/2)/(u/20)?
8
Let h = 13 + -5. Suppose d = -d + h. Suppose i + d*i - 60 = 0. What is the remainder when i is divided by 7?
5
Let f = 22 + -15. Suppose -f*y + 4*y = -93. What is the remainder when y is divided by 16?
15
Let z = 6 - 0. What is the remainder when 3 is divided by (z/(-8))/(1/(-4))?
0
Let y = 103 + -70. Calculate the remainder when 97 is divided by y.
31
Let o be -90 + -1 + 3 + 0. Let z be ((-6)/(-4))/((-3)/o). Suppose -28 = 4*v - 2*j - 134, 0 = 2*v + 2*j - z. Calculate the remainder when v is divided by 13.
12
Suppose -b + 2*b = 10. Calculate the remainder when b is divided by 2/(-1) + (3 - -2).
1
Suppose 0 = -4*c + 7 + 17. What is the remainder when 4/((-40)/c)*-10 is divided by 4?
2
Let z be (-9)/((-2)/(-16)*4). Let f = z - -34. Calculate the remainder when f is divided by 6.
4
Let r be (3/2)/(6/8). Suppose 2*h - 24 = -5*l, r*h + 6 = 3*l - 18. What is the remainder when (-20)/25 + 1 - (-294)/30 is divided by l?
4
Let w = 16 - 13. Suppose 3*j - 2*x - 37 = 0, 2*x + w - 11 = -2*j. Calculate the remainder when 13 - -2 - 2/(-1) is divided by j.
8
Let q(t) = t**2. Calculate the remainder when 1*(57 + 3)/2 is divided by q(-4).
14
Let v(x) = x**2 - 3*x - 2. Let h be v(5). Let j be (-1 - (h - 2)) + 2. Calculate the remainder when 7 is divided by 2 - 1 - j - 2.
3
Suppose -3*p + 16 + 17 = 0. Suppose 0 = 4*h - 5*t - 123, -3*h - 2*t = 2*t - 100. Calculate the remainder when h is divided by p.
10
Suppose f = 2*l - 0*l - 80, -5*f = 4*l - 174. Suppose -5*y + 2*k = -69, k = 3*y - 0*k - l. Calculate the remainder when 25 is divided by y.
12
Let y be (4*1)/(1/5). Suppose -2*z + y = 3*z. Suppose 3*d + 2 = 3*m - z*m, 0 = -3*m + d + 44. Calculate the remainder when m is divided by 7.
6
What is the remainder when 23 is divided by (-4)/(-8) + 17/2?
5
Let r = 1 + 2. Suppose r*o - 70 = o. Suppose 2*c - 28 - 10 = 0. Calculate the remainder when o is divided by c.
16
Let b = 33 - 22. Calculate the remainder when b is divided by 7.
4
Let y(z) = -14*z - 3. Let x be y(-2). Suppose 2*s + 3*k + 4 = x, -5*s - 5*k = -55. Calculate the remainder when 33 is divided by s.
9
Calculate the remainder when 27 is divided by (1 - 12/(-6))/(6/4).
1
Let x = -63 - 27. Let w = x + 62. Let i = -16 - w. Calculate the remainder when 35 is divided by i.
11
Suppose 0 = -x + o + 249, -4*x + 4*o = 3*o - 987. Suppose -2*p = -4 - x. What is the remainder when p is divided by 32?
29
Suppose 111*d = 107*d + 64. Let h(t) = t**2 + t + 3. Calculate the remainder when d is divided by h(-3).
7
Calculate the remainder when 51 + 2 + -6 + 4 is divided by 13.
12
Let k(u) = -8*u + 41. Calculate the remainder when k(-7) is divided by 25.
22
Let h = 3 - -11. What is the remainder when 41 is divided by h?
13
Suppose l + 3*g - 83 = 0, -l + 4*g = -0*l - 83. Let v = -31 + l. Calculate the remainder when v is divided by 18.
16
Suppose a - 17 = -n, -4*a + a = -5*n - 83. Suppose -4*d = -d. Suppose -44 = -d*j - 4*j. What is the remainder when a is divided by j?
10
Suppose 2*c + 1224 = 6*c. Suppose 93 - c = -3*r. Calculate the remainder when r is divided by 24.
23
Let m(n) = 2*n**2 - 3. What is the remainder when m(-3) is divided by 6?
3
Suppose -14*h + 270 = -8*h. What is the remainder when h is divided by 12?
9
Let w be -1*(1 + 0) + 10. Let x be (-10)/(-6) + (-6)/w. Suppose -8 = -3*h + x. What is the remainder when 7 is divided by h?
1
Let l(c) = 9*c - 4. Let k(b) = 2*b**2 + 6*b + 6. What is the remainder when l(5) is divided by k(-4)?
13
Suppose -11*a + 5*u - 10 = -10*a, -16 = -4*u. Let l be (-5)/7 + (-4)/14. Calculate the remainder when a is divided by 0 + l/((-2)/8).
2
What is the remainder when 540/(-16)*(-8 + 4) is divided by 46?
43
Let w(m) = m + 2. Suppose -4*o = 5*q - 13, 3*o = -q - 1 - 3. What is the remainder when q is divided by w(2)?
1
Let r(v) = -v**3 - 6*v**2 + 6*v - 9. Let t be r(-7). Let n be (-1)/1 + t/(-1). Let k(s) = 8*s**2 - s. What is the remainder when 19 is divided by k(n)?
5
Let p(r) = r**3 + 5*r**2 - 2*r - 9. What is the remainder when p(-4) is divided by 6?
3
Suppose 26 = 4*s - 34. Suppose -u + 2*v - 22 = -v, s = 5*v. What is the remainder when 36 is divided by u*(2 + (2 - 5))?
10
Suppose 0 = 5*b - 10 - 35. Let o be 1/(-3) + 39/9. Suppose o*h - 13 = 87. Calculate the remainder when h is divided by b.
7
Suppose 3*j + d - 4*d = 60, 2*j = 5*d + 37. Let w = -15 + j. Calculate the remainder when 17 is divided by w.
5
Suppose 20 = 6*i - i. Calculate the remainder when 7 is divided by i.
3
Suppose 0 = 10*j - 8 - 32. Calculate the remainder when 19 is divided by j.
3
Let y be ((-35)/(-10))/(1/6). Suppose -4*s + 2*w + 40 = 0, -s - 6*w + w = -y. Calculate the remainder when s is divided by 7.
4
Suppose -434 = -21*c + 133. What is the remainder when c is divided by 14?
13
Suppose 0*o = -3*g + 3*o + 582, 585 = 3*g - 2*o. What is the remainder when g is divided by 20?
17
Let n = 7 - 4. Suppose 3*g + g - 4 = 4*u, 0 = 5*g + 4*u - 32. What is the remainder when g is divided by n?
1
Let o = 1 + -12. Let g = 25 + o. Calculate the remainder when 40 is divided by g.
12
Suppose 90 = 4*x - 10. Suppose 0 = -5*l + 4*m + 45, -3*m = -2*l + m + 30. Suppose 0 = l*y + x - 105. Calculate the remainder when y is divided by 9.
7
Let b(l) = 2*l**2 + 5*l - 7. Let p be b(-5). Let i = p + 1. What is the remainder when i is divided by 12?
7
Let r(y) be the first derivative of y**4/4 + y**3/3 - 2*y - 2. Calculate the remainder when r(2) is divided by 3.
1
Suppose 2*p = -123 + 453. Suppose 8*a = 3*a + p. Calculate the remainder when a is divided by 12.
9
Suppose -40 = 4*i - 2*p, -4*i - 5*p - 13 + 1 = 0. Let h(n) = n + 17. Calculate the remainder when h(i) is divided by 3.
0
Let o(v) = 2*v**2 + 8*v - 3. Let u(z) = -2*z - 8. Let l be u(-7). What is the remainder when o(-6) is divided by 62/l + (-4)/(-6)?
10
Suppose 0 = 3*b - 13 - 2. Let t(h) = -h**3 - 13*h**2 + 12*h - 19. What is the remainder when t(-14) is divided by b?
4
Suppose -6 = -2*b - 0*b + 3*h, -2*b - 5*h + 6 = 0. Suppose b*t + 5*r - 44 = 0, 3*r = -0*t - 5*t + 52. Calculate the remainder when t is divided by 2.
0
Suppose -35*l = -36*l + 72. What is the remainder when l is divided by 25?
22
Let u = 11 - 11. Suppose u*x + 4*k - 184 = 4*x, 2*x = -2*k - 108. Let y = -35 - x. Calculate the remainder when 57 is divided by y.
12
Let y(c) = 2*c**3 - 3*c**2 + 2*c - 5. Calculate the remainder when 110 is divided by y(3).
26
Let n(i) = i**3 - 7*i**2 + i - 3. Let f be n(7). Suppose m + 5*b + 7 = -m, f*m - b + 3 = 0. Calculate the remainder when (-5 - -5) + 11 + m is divided by 4.
2
Let m(c) = c**3 - 12*c**2 - 13*c + 2. Let j be m(13). Calculate the remainder when j/8 + (-127)/(-4) is divided by 17.
15
Let b(c) = c + 3. Let n be -2 + 4 - (-3 - -1). Let j be b(n). Suppose -2*q - 110 = -j*q. Calculate the remainder when q is divided by 8.
6
Let h = 6 + 10. Suppose h = 2*n - 0. Suppose -28 = -u - u. Calculate the remainder when u is divided by n.
6
Let l = -399 - -231. Calculate the remainder when 32 is divided by 1/5 + l/(-10).
15
Suppose 0 = -3*g - 7 + 16. Calculate the remainder when 11 is divided by g.
2
Let g = 4 + 1. Calculate the remainder when 49 is divided by g.
4
Suppose 81 = 3*x + 5*f - 22, 4*f - 150 = -5*x. Calculate the remainder when 180 is d